remainder when 18327 is divided by 93?
6
Calculate the remainder when 1745 is divided by 137.
101
Calculate the remainder when 13389 is divided by 24.
21
What is the remainder when 2673 is divided by 1139?
395
Calculate the remainder when 1579 is divided by 913.
666
Calculate the remainder when 191 is divided by 92.
7
Calculate the remainder when 18483 is divided by 18463.
20
What is the remainder when 127545 is divided by 133?
131
What is the remainder when 25848 is divided by 5166?
18
Calculate the remainder when 683 is divided by 639.
44
Calculate the remainder when 451712 is divided by 53.
46
What is the remainder when 14818 is divided by 2116?
6
What is the remainder when 6811 is divided by 1650?
211
Calculate the remainder when 343830 is divided by 209.
25
Calculate the remainder when 12801 is divided by 1828.
5
Calculate the remainder when 482396 is divided by 241194.
8
Calculate the remainder when 4029 is divided by 1021.
966
Calculate the remainder when 9604 is divided by 2398.
12
What is the remainder when 3740 is divided by 3669?
71
What is the remainder when 2484 is divided by 806?
66
What is the remainder when 13104 is divided by 251?
52
Calculate the remainder when 52687 is divided by 89.
88
Calculate the remainder when 662 is divided by 391.
271
What is the remainder when 645 is divided by 196?
57
Calculate the remainder when 72357 is divided by 268.
265
What is the remainder when 999 is divided by 82?
15
What is the remainder when 356497 is divided by 500?
497
Calculate the remainder when 43942 is divided by 346.
0
Calculate the remainder when 10433 is divided by 120.
113
What is the remainder when 1601 is divided by 70?
61
What is the remainder when 3434 is divided by 3319?
115
What is the remainder when 470 is divided by 150?
20
What is the remainder when 175483 is divided by 3814?
39
What is the remainder when 9496 is divided by 1897?
11
What is the remainder when 9926 is divided by 79?
51
Calculate the remainder when 70051 is divided by 124.
115
What is the remainder when 32824 is divided by 96?
88
Calculate the remainder when 2751 is divided by 65.
21
Calculate the remainder when 17607 is divided by 467.
328
Calculate the remainder when 18911 is divided by 193.
190
What is the remainder when 6247 is divided by 293?
94
Calculate the remainder when 6719 is divided by 1305.
194
What is the remainder when 46875 is divided by 83?
63
What is the remainder when 2161 is divided by 165?
16
What is the remainder when 9957 is divided by 351?
129
What is the remainder when 6524 is divided by 839?
651
What is the remainder when 3588 is divided by 163?
2
Calculate the remainder when 20567 is divided by 2938.
1
Calculate the remainder when 52546 is divided by 145.
56
What is the remainder when 64006 is divided by 37?
33
Calculate the remainder when 1098717 is divided by 2289.
2286
Calculate the remainder when 38280 is divided by 63.
39
Calculate the remainder when 7477 is divided by 267.
1
What is the remainder when 44987 is divided by 37?
32
What is the remainder when 86385 is divided by 132?
57
Calculate the remainder when 91601 is divided by 155.
151
Calculate the remainder when 53528 is divided by 1189.
23
What is the remainder when 204020 is divided by 13?
11
What is the remainder when 2053 is divided by 39?
25
Calculate the remainder when 25399 is divided by 92.
7
Calculate the remainder when 25546 is divided by 37.
16
Calculate the remainder when 2174 is divided by 970.
234
What is the remainder when 1217 is divided by 1216?
1
What is the remainder when 323 is divided by 56?
43
Calculate the remainder when 5678 is divided by 1414.
22
What is the remainder when 10807 is divided by 2696?
23
Calculate the remainder when 1158 is divided by 75.
33
What is the remainder when 312045 is divided by 88?
85
Calculate the remainder when 6431 is divided by 37.
30
Calculate the remainder when 24786 is divided by 8222.
120
What is the remainder when 38702 is divided by 7729?
57
What is the remainder when 511 is divided by 196?
119
What is the remainder when 10747 is divided by 2518?
675
Calculate the remainder when 82599 is divided by 562.
547
What is the remainder when 3600080 is divided by 449?
447
What is the remainder when 16272 is divided by 161?
11
Calculate the remainder when 109392 is divided by 97.
73
Calculate the remainder when 58221 is divided by 93.
3
Calculate the remainder when 1097 is divided by 541.
15
What is the remainder when 1646 is divided by 368?
174
What is the remainder when 19531 is divided by 307?
190
Calculate the remainder when 16529 is divided by 31.
6
Calculate the remainder when 78932 is divided by 167.
108
What is the remainder when 35005 is divided by 45?
40
Calculate the remainder when 14898 is divided by 2472.
66
What is the remainder when 368870 is divided by 49?
47
Calculate the remainder when 9070 is divided by 364.
334
What is the remainder when 35889 is divided by 10?
9
Calculate the remainder when 1275 is divided by 524.
227
Calculate the remainder when 5028461 is divided by 19.
16
Calculate the remainder when 69429 is divided by 66.
63
Calculate the remainder when 19398 is divided by 87.
84
Calculate the remainder when 58104 is divided by 1660.
4
What is the remainder when 165132 is divided by 160?
12
Calculate the remainder when 1444 is divided by 234.
40
Calculate the remainder when 6067 is divided by 163.
36
Calculate the remainder when 2562 is divided by 257.
249
Calculate the remainder when 63897 is divided by 31947.
3
What is the remainder when 231221 is divided by 6?
5
What is the remainder when 5644 is divided by 2814?
16
Calculate the remainder when 999724 is divided by 3412.
8
What is the remainder when 26840 is divided by 13417?
6
Calculate the remainder when 586124 is divided by 529.
521
Calculate the remainder when 130260 is divided by 82.
44
Calculate the remainder when 13979 is divided by 86.
47
Calculate the remainder when 116426 is divided by 13.
11
What is the remainder when 16150 is divided by 113?
104
What is the remainder when 286845 is divided by 166?
163
Calculate the remainder when 6725181 is divided by 96.
93
What is the remainder when 32936 is divided by 10952?
80
What is the remainder when 73637 is divided by 526?
523
What is the remainder when 16647 is divided by 16593?
54
What is the remainder when 14898 is divided by 1188?
642
What is the remainder when 15922367 is divided by 704?
703
What is the remainder when 2848 is divided by 143?
131
What is the remainder when 15443 is divided by 46?
33
Calculate the remainder when 498 is divided by 82.
6
What is the remainder when 67057 is divided by 46?
35
What is the remainder when 110379 is divided by 1213?
1209
What is the remainder when 2319 is divided by 234?
213
Calculate the remainder when 155566 is divided by 19.
13
Calculate the remainder when 5028 is divided by 560.
548
What is the remainder when 47282 is divided by 15759?
5
What is the remainder when 2822 is divided by 78?
14
Calculate the remainder when 28753 is divided by 216.
25
What is the remainder when 2726 is divided by 541?
21
Calculate the remainder when 10465 is divided by 1743.
7
What is the remainder when 15749 is divided by 7874?
1
Calculate the remainder when 213695 is divided by 424.
423
Calculate the remainder when 229821 is divided by 152.
149
What is the remainder when 312742 is divided by 42?
10
Calculate the remainder when 27868 is divided by 165.
148
What is the remainder when 3645 is divided by 93?
18
Calculate the remainder when 2865909 is divided by 1432953.
3
Calculate the remainder when 18739 is divided by 368.
339
Calculate the remainder when 16436 is divided by 75.
11
What is the remainder when 48490 is divided by 233?
26
Calculate the remainder when 34814 is divided by 112.
94
What is the remainder when 153130 is divided by 41?
36
What is the remainder when 2549340 is divided by 587?
586
What is the remainder when 4740 is divided by 707?
498
What is the remainder when 16968 is divided by 8478?
12
Calculate the remainder when 117676 is divided by 66.
64
Calculate the remainder when 68692 is divided by 996.
964
What is the remainder when 712850 is divided by 28?
26
What is the remainder when 4982 is divided by 1136?
438
Calculate the remaind